{"id":489,"date":"2022-05-30T13:47:09","date_gmt":"2022-05-30T09:47:09","guid":{"rendered":"https:\/\/ericbeeharry.re\/?page_id=489"},"modified":"2022-05-30T19:21:47","modified_gmt":"2022-05-30T15:21:47","slug":"conseil-departemental","status":"publish","type":"page","link":"https:\/\/ericbeeharry.re\/index.php\/programme\/conseil-departemental\/","title":{"rendered":"CONSEIL D\u00c9PARTEMENTAL"},"content":{"rendered":"<p style=\"text-align: left;\"><b>Ce programme d\u00e9partemental vise \u00e0 am\u00e9liorer la vie des R\u00e9unionnais, dans le cadre des comp\u00e9tences du Conseil D\u00e9partemental. Il r\u00e9sout de nombreux probl\u00e8mes de la R\u00e9union.<\/b><\/p>\n<p style=\"text-align: left;\"><b>Eric Beeharry, <a href=\"http:\/\/www.economiematin.fr\/auteur-1034-Eric-Beeharry\" target=\"_blank\" rel=\"noopener\">expert reconnu dans des revues internationales<\/a>, est le penseur de cet ensemble de propositions valid\u00e9 par des chefs d&rsquo;entreprise, des demandeurs d&#8217;emploi, des parents d&rsquo;\u00e9l\u00e8ve, des professeurs et des experts des domaines concern\u00e9s. Bien que tr\u00e8s ambitieuse, cette suite de solutions est rapidement applicable.<\/b><\/p>\n<p style=\"text-align: left;\"><b><u>SOCIAL, \u00c9CONOMIE &amp; INFRASTRUCTURES<\/u><br \/>\n<\/b><\/p>\n<div id='gallery-1' class='gallery galleryid-489 gallery-columns-3 gallery-size-large'><figure class='gallery-item'>\n\t\t\t<div class='gallery-icon landscape'>\n\t\t\t\t<img width=\"275\" height=\"183\" src=\"https:\/\/ericbeeharry.re\/wp-content\/uploads\/2021\/05\/Personnes-agee-et-jeune-2.jpg\" class=\"attachment-large size-large\" alt=\"\" loading=\"lazy\" \/>\n\t\t\t<\/div><\/figure><figure class='gallery-item'>\n\t\t\t<div class='gallery-icon landscape'>\n\t\t\t\t<img width=\"509\" height=\"340\" src=\"https:\/\/ericbeeharry.re\/wp-content\/uploads\/2021\/05\/Economie-1.jpg\" class=\"attachment-large size-large\" alt=\"\" loading=\"lazy\" srcset=\"https:\/\/ericbeeharry.re\/wp-content\/uploads\/2021\/05\/Economie-1.jpg 509w, https:\/\/ericbeeharry.re\/wp-content\/uploads\/2021\/05\/Economie-1-300x200.jpg 300w\" sizes=\"(max-width: 509px) 100vw, 509px\" \/>\n\t\t\t<\/div><\/figure><figure class='gallery-item'>\n\t\t\t<div class='gallery-icon landscape'>\n\t\t\t\t<img width=\"259\" height=\"194\" src=\"https:\/\/ericbeeharry.re\/wp-content\/uploads\/2021\/05\/SkyTrain-de-Dusseldorf-1.jpg\" class=\"attachment-large size-large\" alt=\"\" loading=\"lazy\" \/>\n\t\t\t<\/div><\/figure>\n\t\t<\/div>\n\n<p style=\"text-align: left;\"><strong>&#8211; Utilisation des fichiers du D\u00e9partement pour recenser personnes \u00e2g\u00e9es et jeunes, via une plateforme de cohabitation (h\u00e9bergement contre services) r\u00e9unissant offreurs et demandeurs de logement.<br \/>\n&#8211; Solutions ci-dessous, <u>cr\u00e9ant plus de 50 000 emplois en 6 ans.<\/u><\/strong><\/p>\n<p style=\"text-align: left;\"><img loading=\"lazy\" class=\"aligncenter wp-image-53\" src=\"https:\/\/ericbeeharry.re\/wp-content\/uploads\/2021\/05\/Programme-des-Departementales-2021.png\" alt=\"\" width=\"1025\" height=\"708\" srcset=\"https:\/\/ericbeeharry.re\/wp-content\/uploads\/2021\/05\/Programme-des-Departementales-2021.png 1025w, https:\/\/ericbeeharry.re\/wp-content\/uploads\/2021\/05\/Programme-des-Departementales-2021-300x207.png 300w, https:\/\/ericbeeharry.re\/wp-content\/uploads\/2021\/05\/Programme-des-Departementales-2021-768x530.png 768w\" sizes=\"(max-width: 1025px) 100vw, 1025px\" \/><\/p>\n<table>\n<tbody>\n<tr>\n<td style=\"text-align: center;\"><strong><u>B\u00c9N\u00c9FICIAIRES DU RSA ACCOMPAGN\u00c9S<\/u><\/strong><\/td>\n<td style=\"text-align: center;\"><strong><u>SORTIS DU RSA COMME SALARI\u00c9S OU ENTREPRENEURS<\/u><\/strong><\/td>\n<\/tr>\n<tr>\n<td style=\"text-align: center;\">3 000 via le Fonds pour la Cr\u00e9ation d&rsquo;Entreprises<\/td>\n<td style=\"text-align: center;\">1 500 EMPLOIS<\/td>\n<\/tr>\n<tr>\n<td style=\"text-align: center;\">1 000 embauch\u00e9s en Contrat Relance Emploi<\/td>\n<td style=\"text-align: center;\">500 EMPLOIS<\/td>\n<\/tr>\n<tr>\n<td style=\"text-align: center;\">10 000 via le Revenu de Reprise d&rsquo;Activit\u00e9<\/td>\n<td style=\"text-align: center;\">5 000 EMPLOIS<\/td>\n<\/tr>\n<tr>\n<td style=\"text-align: center;\">1 000 formations d&rsquo;assistante maternelle<\/td>\n<td style=\"text-align: center;\">500 EMPLOIS<\/td>\n<\/tr>\n<tr>\n<td style=\"text-align: center;\">1 000 via le Fonds d&rsquo;Urgence Sociale<\/td>\n<td style=\"text-align: center;\">500 EMPLOIS<\/td>\n<\/tr>\n<tr>\n<td style=\"text-align: center;\"><strong>TOTAL EN 1 AN : 16 000<\/strong><\/td>\n<td style=\"text-align: center;\"><strong>TOTAL EN 1 AN : 8 000 EMPLOIS<\/strong><\/td>\n<\/tr>\n<tr>\n<td style=\"text-align: center;\"><strong>TOTAL EN 6 ANS : 96 000<\/strong><\/td>\n<td style=\"text-align: center;\"><strong>TOTAL EN 6 ANS : 48 000 EMPLOIS<\/strong><\/td>\n<\/tr>\n<tr>\n<td style=\"text-align: center;\">&#8211;<\/td>\n<td style=\"text-align: center;\">+ 4 800 EMPLOIS INDIRECTS<\/td>\n<\/tr>\n<tr>\n<td style=\"text-align: center;\"><strong>&#8211;<\/strong><\/td>\n<td style=\"text-align: center;\"><strong><span style=\"color: #04b404;\">TOTAL EN 6 ANS : 52 800 EMPLOIS<\/span><\/strong><\/td>\n<\/tr>\n<\/tbody>\n<\/table>\n<p><strong>Ce calcul consid\u00e8re un taux de sortie du RSA de 50%, pour les b\u00e9n\u00e9ficiaires accompagn\u00e9s par nos dispositifs innovants et un taux (minimaliste) de 10% pour les emplois indirects, qui correspondent \u00e0 la formation et aux services aux entreprises comme la publicit\u00e9, l&rsquo;\u00e9quipement mat\u00e9riel et l&rsquo;immobilier, ainsi qu&rsquo;\u00e0 la hausse de la consommation induite par ces nouveaux revenus au profit des entreprises locales (alimentation, loisirs, etc.).<\/strong><\/p>\n<p><iframe loading=\"lazy\" title=\"Dortmund University Germany H-Bahn POV at 3x TU  [4K,60fps]\" width=\"580\" height=\"326\" src=\"https:\/\/www.youtube.com\/embed\/1U8zIIfEa7E?feature=oembed\" frameborder=\"0\" allow=\"accelerometer; autoplay; clipboard-write; encrypted-media; gyroscope; picture-in-picture\" allowfullscreen><\/iframe><\/p>\n<p style=\"text-align: left;\"><b><u>\u00c9DUCATION, \u00c9COLOGIE &amp; AGRICULTURE<\/u><br \/>\n<\/b><\/p>\n<div id='gallery-2' class='gallery galleryid-489 gallery-columns-3 gallery-size-medium'><figure class='gallery-item'>\n\t\t\t<div class='gallery-icon landscape'>\n\t\t\t\t<img width=\"300\" height=\"200\" src=\"https:\/\/ericbeeharry.re\/wp-content\/uploads\/2021\/05\/Ado-a-lecole-1-300x200.jpg\" class=\"attachment-medium size-medium\" alt=\"\" loading=\"lazy\" srcset=\"https:\/\/ericbeeharry.re\/wp-content\/uploads\/2021\/05\/Ado-a-lecole-1-300x200.jpg 300w, https:\/\/ericbeeharry.re\/wp-content\/uploads\/2021\/05\/Ado-a-lecole-1.jpg 509w\" sizes=\"(max-width: 300px) 100vw, 300px\" \/>\n\t\t\t<\/div><\/figure><figure class='gallery-item'>\n\t\t\t<div class='gallery-icon landscape'>\n\t\t\t\t<img width=\"300\" height=\"225\" src=\"https:\/\/ericbeeharry.re\/wp-content\/uploads\/2021\/05\/Mur-vegetal-1-300x225.jpg\" class=\"attachment-medium size-medium\" alt=\"\" loading=\"lazy\" srcset=\"https:\/\/ericbeeharry.re\/wp-content\/uploads\/2021\/05\/Mur-vegetal-1-300x225.jpg 300w, https:\/\/ericbeeharry.re\/wp-content\/uploads\/2021\/05\/Mur-vegetal-1.jpg 453w\" sizes=\"(max-width: 300px) 100vw, 300px\" \/>\n\t\t\t<\/div><\/figure><figure class='gallery-item'>\n\t\t\t<div class='gallery-icon landscape'>\n\t\t\t\t<img width=\"300\" height=\"219\" src=\"https:\/\/ericbeeharry.re\/wp-content\/uploads\/2021\/05\/Agriculture-pei-1-300x219.jpg\" class=\"attachment-medium size-medium\" alt=\"\" loading=\"lazy\" srcset=\"https:\/\/ericbeeharry.re\/wp-content\/uploads\/2021\/05\/Agriculture-pei-1-300x219.jpg 300w, https:\/\/ericbeeharry.re\/wp-content\/uploads\/2021\/05\/Agriculture-pei-1.jpg 759w\" sizes=\"(max-width: 300px) 100vw, 300px\" \/>\n\t\t\t<\/div><\/figure>\n\t\t<\/div>\n\n<p style=\"text-align: left;\"><b><br \/>\n<b>&#8211; Doublement des agents de s\u00e9curit\u00e9 et vid\u00e9osurveillance aux abords et \u00e0 l&rsquo;int\u00e9rieur des coll\u00e8ges, afin de pr\u00e9server la s\u00e9curit\u00e9 des \u00e9l\u00e8ves, des enseignants et des parents.<br \/>\n&#8211; Association de sensibilisation \u00e0 l&rsquo;\u00e9cologie toute l&rsquo;ann\u00e9e, dans toutes les classes de tous les coll\u00e8ges.<br \/>\n&#8211; R\u00e9novation verte des coll\u00e8ges et b\u00e2timents du D\u00e9partement : murs v\u00e9g\u00e9taux, panneaux solaires, &#8230;<br \/>\n&#8211; Augmentation de la part des produits p\u00e9i dans les menus des cantines de tous les coll\u00e8ges.<br \/>\n&#8211; Recyclage de leurs d\u00e9chets alimentaires en compost, afin de le revendre \u00e0 prix cass\u00e9 aux agriculteurs.<br \/>\n&#8211; \u00c9quipement gratuit des foyers en composteurs, en contrepartie de la revente de leur compost aux agriculteurs \u00e0 un prix moiti\u00e9 moins cher que le prix le plus bas du march\u00e9. Coop\u00e9ration qui g\u00e9n\u00e9rera des \u00e9conomies pour les agriculteurs et du pouvoir d&rsquo;achat pour les m\u00e9nages.<br \/>\n&#8211; Entretien des for\u00eats et cr\u00e9ation de nombreux kiosques et sentiers, afin de rendre la Nature \u00e0 la population.<\/b><\/b><\/p>\n<p style=\"text-align: left;\"><b><u>ALLONS PLUS LOIN&#8230;<\/u><\/b><\/p>\n<p style=\"text-align: left;\"><img loading=\"lazy\" class=\"size-full wp-image-161\" src=\"https:\/\/ericbeeharry.re\/wp-content\/uploads\/2021\/05\/Innovation-entre-les-mains-1.jpg\" alt=\"\" width=\"502\" height=\"344\" srcset=\"https:\/\/ericbeeharry.re\/wp-content\/uploads\/2021\/05\/Innovation-entre-les-mains-1.jpg 502w, https:\/\/ericbeeharry.re\/wp-content\/uploads\/2021\/05\/Innovation-entre-les-mains-1-300x206.jpg 300w\" sizes=\"(max-width: 502px) 100vw, 502px\" \/><\/p>\n<p style=\"text-align: left;\"><b>La R\u00e9union est un d\u00e9partement d&rsquo;outre-mer. \u00c0 ce titre, notre \u00eele b\u00e9n\u00e9ficie de d\u00e9rogations au droit commun. Le projet de loi 4D va d&rsquo;ailleurs dans ce sens. \u00c9lus, nous proposerons de nouvelles sp\u00e9cificit\u00e9s :<\/b><\/p>\n<p style=\"text-align: left;\"><strong>&#8211; <a href=\"https:\/\/ericbeeharry.re\/index.php\/programme\/economie\/allocation-universelle\" target=\"_blank\" rel=\"noopener\">L&rsquo;allocation universelle de 1 200 \u20ac\/mois<\/a> pour les personnes en activit\u00e9, en plus de leurs revenus d&rsquo;activit\u00e9 : formation, salariat, entreprise, etc. (malades, handicap\u00e9s et retrait\u00e9s exempt\u00e9s de condition d&rsquo;activit\u00e9).<\/strong><br \/>\n<strong>&#8211; La chute des cotisations sociales, via l&rsquo;allocation universelle et la mise en concurrence de la S\u00e9curit\u00e9 Sociale et de P\u00f4le Emploi avec les assurances (europ\u00e9ennes si besoin).<\/strong><br \/>\n<strong>&#8211; <a href=\"https:\/\/ericbeeharry.re\/index.php\/programme\/economie\/impot-unique-de-10\" target=\"_blank\" rel=\"noopener\">L&rsquo;imp\u00f4t unique \u00e0 10%<\/a>, par une refonte astucieuse des dispositifs de d\u00e9fiscalisation.<\/strong><br \/>\n<strong>&#8211; La simplification administrative et l\u00e9gislative, pour lib\u00e9rer les \u00e9nergies et les initiatives dans tous les domaines.<\/strong><br \/>\n<strong>&#8211; <a href=\"https:\/\/ericbeeharry.re\/index.php\/programme\/institutions\" target=\"_blank\" rel=\"noopener\">Et bien d&rsquo;autres innovations<\/a>, faisant \u00e9merger la <u>Nouvelle R\u00e9union<\/u>.<\/strong><\/p>\n","protected":false},"excerpt":{"rendered":"<p>Ce programme d\u00e9partemental vise \u00e0 am\u00e9liorer la vie des R\u00e9unionnais, dans le cadre des comp\u00e9tences du Conseil D\u00e9partemental. Il r\u00e9sout de nombreux probl\u00e8mes de la R\u00e9union. Eric Beeharry, expert reconnu dans des revues internationales, est le penseur de cet ensemble de propositions valid\u00e9 par des chefs d&rsquo;entreprise, des demandeurs d&#8217;emploi, des parents d&rsquo;\u00e9l\u00e8ve, des professeurs [&hellip;]<\/p>\n","protected":false},"author":1,"featured_media":418,"parent":52,"menu_order":99,"comment_status":"closed","ping_status":"closed","template":"templates\/template-cover.php","meta":[],"yoast_head":"<!-- This site is optimized with the Yoast SEO plugin v17.8 - https:\/\/yoast.com\/wordpress\/plugins\/seo\/ -->\n<title>CONSEIL D\u00c9PARTEMENTAL - Nouvelle R\u00e9union - \u00c9ric Beeharry<\/title>\n<meta name=\"robots\" content=\"index, follow, max-snippet:-1, max-image-preview:large, max-video-preview:-1\" \/>\n<link rel=\"canonical\" href=\"https:\/\/ericbeeharry.re\/index.php\/programme\/conseil-departemental\/\" \/>\n<meta property=\"og:locale\" content=\"fr_FR\" \/>\n<meta property=\"og:type\" content=\"article\" \/>\n<meta property=\"og:title\" content=\"CONSEIL D\u00c9PARTEMENTAL - Nouvelle R\u00e9union - \u00c9ric Beeharry\" \/>\n<meta property=\"og:description\" content=\"Ce programme d\u00e9partemental vise \u00e0 am\u00e9liorer la vie des R\u00e9unionnais, dans le cadre des comp\u00e9tences du Conseil D\u00e9partemental. Il r\u00e9sout de nombreux probl\u00e8mes de la R\u00e9union. Eric Beeharry, expert reconnu dans des revues internationales, est le penseur de cet ensemble de propositions valid\u00e9 par des chefs d&rsquo;entreprise, des demandeurs d&#8217;emploi, des parents d&rsquo;\u00e9l\u00e8ve, des professeurs [&hellip;]\" \/>\n<meta property=\"og:url\" content=\"https:\/\/ericbeeharry.re\/index.php\/programme\/conseil-departemental\/\" \/>\n<meta property=\"og:site_name\" content=\"Nouvelle R\u00e9union - \u00c9ric Beeharry\" \/>\n<meta property=\"article:modified_time\" content=\"2022-05-30T15:21:47+00:00\" \/>\n<meta property=\"og:image\" content=\"https:\/\/ericbeeharry.re\/wp-content\/uploads\/2022\/05\/Galaxie-Photo-Bordure-General-Twitch-Banniere.png\" \/>\n\t<meta property=\"og:image:width\" content=\"900\" \/>\n\t<meta property=\"og:image:height\" content=\"480\" \/>\n<meta name=\"twitter:card\" content=\"summary_large_image\" \/>\n<meta name=\"twitter:label1\" content=\"Dur\u00e9e de lecture estim\u00e9e\" \/>\n\t<meta name=\"twitter:data1\" content=\"4 minutes\" \/>\n<script type=\"application\/ld+json\" class=\"yoast-schema-graph\">{\"@context\":\"https:\/\/schema.org\",\"@graph\":[{\"@type\":\"WebSite\",\"@id\":\"https:\/\/ericbeeharry.re\/#website\",\"url\":\"https:\/\/ericbeeharry.re\/\",\"name\":\"Nouvelle R\\u00e9union - \\u00c9ric Beeharry\",\"description\":\"\",\"potentialAction\":[{\"@type\":\"SearchAction\",\"target\":{\"@type\":\"EntryPoint\",\"urlTemplate\":\"https:\/\/ericbeeharry.re\/?s={search_term_string}\"},\"query-input\":\"required name=search_term_string\"}],\"inLanguage\":\"fr-FR\"},{\"@type\":\"ImageObject\",\"@id\":\"https:\/\/ericbeeharry.re\/index.php\/programme\/conseil-departemental\/#primaryimage\",\"inLanguage\":\"fr-FR\",\"url\":\"https:\/\/ericbeeharry.re\/wp-content\/uploads\/2022\/05\/Galaxie-Photo-Bordure-General-Twitch-Banniere.png\",\"contentUrl\":\"https:\/\/ericbeeharry.re\/wp-content\/uploads\/2022\/05\/Galaxie-Photo-Bordure-General-Twitch-Banniere.png\",\"width\":900,\"height\":480},{\"@type\":\"WebPage\",\"@id\":\"https:\/\/ericbeeharry.re\/index.php\/programme\/conseil-departemental\/#webpage\",\"url\":\"https:\/\/ericbeeharry.re\/index.php\/programme\/conseil-departemental\/\",\"name\":\"CONSEIL D\\u00c9PARTEMENTAL - Nouvelle R\\u00e9union - \\u00c9ric Beeharry\",\"isPartOf\":{\"@id\":\"https:\/\/ericbeeharry.re\/#website\"},\"primaryImageOfPage\":{\"@id\":\"https:\/\/ericbeeharry.re\/index.php\/programme\/conseil-departemental\/#primaryimage\"},\"datePublished\":\"2022-05-30T09:47:09+00:00\",\"dateModified\":\"2022-05-30T15:21:47+00:00\",\"breadcrumb\":{\"@id\":\"https:\/\/ericbeeharry.re\/index.php\/programme\/conseil-departemental\/#breadcrumb\"},\"inLanguage\":\"fr-FR\",\"potentialAction\":[{\"@type\":\"ReadAction\",\"target\":[\"https:\/\/ericbeeharry.re\/index.php\/programme\/conseil-departemental\/\"]}]},{\"@type\":\"BreadcrumbList\",\"@id\":\"https:\/\/ericbeeharry.re\/index.php\/programme\/conseil-departemental\/#breadcrumb\",\"itemListElement\":[{\"@type\":\"ListItem\",\"position\":1,\"name\":\"Accueil\",\"item\":\"https:\/\/ericbeeharry.re\/\"},{\"@type\":\"ListItem\",\"position\":2,\"name\":\"PROGRAMME\",\"item\":\"https:\/\/ericbeeharry.re\/index.php\/programme\/\"},{\"@type\":\"ListItem\",\"position\":3,\"name\":\"CONSEIL D\\u00c9PARTEMENTAL\"}]}]}<\/script>\n<!-- \/ Yoast SEO plugin. -->","yoast_head_json":{"title":"CONSEIL D\u00c9PARTEMENTAL - Nouvelle R\u00e9union - \u00c9ric Beeharry","robots":{"index":"index","follow":"follow","max-snippet":"max-snippet:-1","max-image-preview":"max-image-preview:large","max-video-preview":"max-video-preview:-1"},"canonical":"https:\/\/ericbeeharry.re\/index.php\/programme\/conseil-departemental\/","og_locale":"fr_FR","og_type":"article","og_title":"CONSEIL D\u00c9PARTEMENTAL - Nouvelle R\u00e9union - \u00c9ric Beeharry","og_description":"Ce programme d\u00e9partemental vise \u00e0 am\u00e9liorer la vie des R\u00e9unionnais, dans le cadre des comp\u00e9tences du Conseil D\u00e9partemental. Il r\u00e9sout de nombreux probl\u00e8mes de la R\u00e9union. Eric Beeharry, expert reconnu dans des revues internationales, est le penseur de cet ensemble de propositions valid\u00e9 par des chefs d&rsquo;entreprise, des demandeurs d&#8217;emploi, des parents d&rsquo;\u00e9l\u00e8ve, des professeurs [&hellip;]","og_url":"https:\/\/ericbeeharry.re\/index.php\/programme\/conseil-departemental\/","og_site_name":"Nouvelle R\u00e9union - \u00c9ric Beeharry","article_modified_time":"2022-05-30T15:21:47+00:00","og_image":[{"width":900,"height":480,"url":"https:\/\/ericbeeharry.re\/wp-content\/uploads\/2022\/05\/Galaxie-Photo-Bordure-General-Twitch-Banniere.png","type":"image\/png"}],"twitter_card":"summary_large_image","twitter_misc":{"Dur\u00e9e de lecture estim\u00e9e":"4 minutes"},"schema":{"@context":"https:\/\/schema.org","@graph":[{"@type":"WebSite","@id":"https:\/\/ericbeeharry.re\/#website","url":"https:\/\/ericbeeharry.re\/","name":"Nouvelle R\u00e9union - \u00c9ric Beeharry","description":"","potentialAction":[{"@type":"SearchAction","target":{"@type":"EntryPoint","urlTemplate":"https:\/\/ericbeeharry.re\/?s={search_term_string}"},"query-input":"required name=search_term_string"}],"inLanguage":"fr-FR"},{"@type":"ImageObject","@id":"https:\/\/ericbeeharry.re\/index.php\/programme\/conseil-departemental\/#primaryimage","inLanguage":"fr-FR","url":"https:\/\/ericbeeharry.re\/wp-content\/uploads\/2022\/05\/Galaxie-Photo-Bordure-General-Twitch-Banniere.png","contentUrl":"https:\/\/ericbeeharry.re\/wp-content\/uploads\/2022\/05\/Galaxie-Photo-Bordure-General-Twitch-Banniere.png","width":900,"height":480},{"@type":"WebPage","@id":"https:\/\/ericbeeharry.re\/index.php\/programme\/conseil-departemental\/#webpage","url":"https:\/\/ericbeeharry.re\/index.php\/programme\/conseil-departemental\/","name":"CONSEIL D\u00c9PARTEMENTAL - Nouvelle R\u00e9union - \u00c9ric Beeharry","isPartOf":{"@id":"https:\/\/ericbeeharry.re\/#website"},"primaryImageOfPage":{"@id":"https:\/\/ericbeeharry.re\/index.php\/programme\/conseil-departemental\/#primaryimage"},"datePublished":"2022-05-30T09:47:09+00:00","dateModified":"2022-05-30T15:21:47+00:00","breadcrumb":{"@id":"https:\/\/ericbeeharry.re\/index.php\/programme\/conseil-departemental\/#breadcrumb"},"inLanguage":"fr-FR","potentialAction":[{"@type":"ReadAction","target":["https:\/\/ericbeeharry.re\/index.php\/programme\/conseil-departemental\/"]}]},{"@type":"BreadcrumbList","@id":"https:\/\/ericbeeharry.re\/index.php\/programme\/conseil-departemental\/#breadcrumb","itemListElement":[{"@type":"ListItem","position":1,"name":"Accueil","item":"https:\/\/ericbeeharry.re\/"},{"@type":"ListItem","position":2,"name":"PROGRAMME","item":"https:\/\/ericbeeharry.re\/index.php\/programme\/"},{"@type":"ListItem","position":3,"name":"CONSEIL D\u00c9PARTEMENTAL"}]}]}},"_links":{"self":[{"href":"https:\/\/ericbeeharry.re\/index.php\/wp-json\/wp\/v2\/pages\/489"}],"collection":[{"href":"https:\/\/ericbeeharry.re\/index.php\/wp-json\/wp\/v2\/pages"}],"about":[{"href":"https:\/\/ericbeeharry.re\/index.php\/wp-json\/wp\/v2\/types\/page"}],"author":[{"embeddable":true,"href":"https:\/\/ericbeeharry.re\/index.php\/wp-json\/wp\/v2\/users\/1"}],"replies":[{"embeddable":true,"href":"https:\/\/ericbeeharry.re\/index.php\/wp-json\/wp\/v2\/comments?post=489"}],"version-history":[{"count":5,"href":"https:\/\/ericbeeharry.re\/index.php\/wp-json\/wp\/v2\/pages\/489\/revisions"}],"predecessor-version":[{"id":666,"href":"https:\/\/ericbeeharry.re\/index.php\/wp-json\/wp\/v2\/pages\/489\/revisions\/666"}],"up":[{"embeddable":true,"href":"https:\/\/ericbeeharry.re\/index.php\/wp-json\/wp\/v2\/pages\/52"}],"wp:featuredmedia":[{"embeddable":true,"href":"https:\/\/ericbeeharry.re\/index.php\/wp-json\/wp\/v2\/media\/418"}],"wp:attachment":[{"href":"https:\/\/ericbeeharry.re\/index.php\/wp-json\/wp\/v2\/media?parent=489"}],"curies":[{"name":"wp","href":"https:\/\/api.w.org\/{rel}","templated":true}]}}