{"id":494,"date":"2022-05-30T14:02:23","date_gmt":"2022-05-30T10:02:23","guid":{"rendered":"https:\/\/ericbeeharry.re\/?page_id=494"},"modified":"2022-05-31T14:37:00","modified_gmt":"2022-05-31T10:37:00","slug":"institutions","status":"publish","type":"page","link":"https:\/\/ericbeeharry.re\/index.php\/programme\/institutions\/","title":{"rendered":"INSTITUTIONS"},"content":{"rendered":"<p><img loading=\"lazy\" class=\"aligncenter size-full wp-image-647\" src=\"https:\/\/ericbeeharry.re\/wp-content\/uploads\/2022\/05\/Time-for-change-1.jpg\" alt=\"\" width=\"276\" height=\"183\" \/><\/p>\n<p><strong>L&rsquo;\u00eele de la R\u00e9union est un territoire d\u2019outre-mer et une r\u00e9gion ultrap\u00e9riph\u00e9rique. \u00c0 ce titre nous pouvons n\u00e9gocier avec la R\u00e9publique Fran\u00e7aise et l&rsquo;Union Europ\u00e9enne des adaptations de nos institutions, de leurs normes, afin de devenir plus r\u00e9alistes et donc plus efficaces dans nos politiques publiques locales.<\/strong><\/p>\n<p style=\"text-align: center;\"><a href=\"https:\/\/ericbeeharry.re\/index.php\/programme\/institutions\/modernisation\" target=\"_blank\" rel=\"noopener\"><strong>MODERNISATION<\/strong><\/a><\/p>\n<p style=\"text-align: center;\"><a href=\"https:\/\/ericbeeharry.re\/index.php\/programme\/institutions\/decentralisation\" target=\"_blank\" rel=\"noopener\">D\u00c9CENTRALISATION<\/a><\/p>\n<p style=\"text-align: center;\"><a href=\"https:\/\/ericbeeharry.re\/index.php\/programme\/institutions\/justice\" target=\"_blank\" rel=\"noopener\"><strong>JUSTICE<\/strong><\/a><\/p>\n<p style=\"text-align: center;\"><a href=\"https:\/\/ericbeeharry.re\/index.php\/programme\/institutions\/fonction-publique-territoriale\" target=\"_blank\" rel=\"noopener\"><strong>FONCTION PUBLIQUE TERRITORIALE<\/strong><\/a><\/p>\n<p style=\"text-align: center;\"><a href=\"https:\/\/ericbeeharry.re\/index.php\/programme\/institutions\/reforme-electorale\" target=\"_blank\" rel=\"noopener\"><strong>R\u00c9FORME \u00c9LECTORALE<\/strong><\/a><\/p>\n<p style=\"text-align: center;\"><a href=\"https:\/\/ericbeeharry.re\/index.php\/programme\/institutions\/charte-de-moralisation-de-la-vie-politique\" target=\"_blank\" rel=\"noopener\"><strong>CHARTE DE MORALISATION DE LA VIE POLITIQUE<\/strong><\/a><\/p>\n","protected":false},"excerpt":{"rendered":"<p>L&rsquo;\u00eele de la R\u00e9union est un territoire d\u2019outre-mer et une r\u00e9gion ultrap\u00e9riph\u00e9rique. \u00c0 ce titre nous pouvons n\u00e9gocier avec la R\u00e9publique Fran\u00e7aise et l&rsquo;Union Europ\u00e9enne des adaptations de nos institutions, de leurs normes, afin de devenir plus r\u00e9alistes et donc plus efficaces dans nos politiques publiques locales. MODERNISATION D\u00c9CENTRALISATION JUSTICE FONCTION PUBLIQUE TERRITORIALE R\u00c9FORME \u00c9LECTORALE [&hellip;]<\/p>\n","protected":false},"author":1,"featured_media":418,"parent":52,"menu_order":10,"comment_status":"closed","ping_status":"closed","template":"templates\/template-cover.php","meta":[],"yoast_head":"<!-- This site is optimized with the Yoast SEO plugin v17.8 - https:\/\/yoast.com\/wordpress\/plugins\/seo\/ -->\n<title>INSTITUTIONS - Nouvelle R\u00e9union - \u00c9ric Beeharry<\/title>\n<meta name=\"robots\" content=\"index, follow, max-snippet:-1, max-image-preview:large, max-video-preview:-1\" \/>\n<link rel=\"canonical\" href=\"https:\/\/ericbeeharry.re\/index.php\/programme\/institutions\/\" \/>\n<meta property=\"og:locale\" content=\"fr_FR\" \/>\n<meta property=\"og:type\" content=\"article\" \/>\n<meta property=\"og:title\" content=\"INSTITUTIONS - Nouvelle R\u00e9union - \u00c9ric Beeharry\" \/>\n<meta property=\"og:description\" content=\"L&rsquo;\u00eele de la R\u00e9union est un territoire d\u2019outre-mer et une r\u00e9gion ultrap\u00e9riph\u00e9rique. \u00c0 ce titre nous pouvons n\u00e9gocier avec la R\u00e9publique Fran\u00e7aise et l&rsquo;Union Europ\u00e9enne des adaptations de nos institutions, de leurs normes, afin de devenir plus r\u00e9alistes et donc plus efficaces dans nos politiques publiques locales. MODERNISATION D\u00c9CENTRALISATION JUSTICE FONCTION PUBLIQUE TERRITORIALE R\u00c9FORME \u00c9LECTORALE [&hellip;]\" \/>\n<meta property=\"og:url\" content=\"https:\/\/ericbeeharry.re\/index.php\/programme\/institutions\/\" \/>\n<meta property=\"og:site_name\" content=\"Nouvelle R\u00e9union - \u00c9ric Beeharry\" \/>\n<meta property=\"article:modified_time\" content=\"2022-05-31T10:37:00+00:00\" \/>\n<meta property=\"og:image\" content=\"https:\/\/ericbeeharry.re\/wp-content\/uploads\/2022\/05\/Galaxie-Photo-Bordure-General-Twitch-Banniere.png\" \/>\n\t<meta property=\"og:image:width\" content=\"900\" \/>\n\t<meta property=\"og:image:height\" content=\"480\" \/>\n<meta name=\"twitter:card\" content=\"summary_large_image\" \/>\n<meta name=\"twitter:label1\" content=\"Dur\u00e9e de lecture estim\u00e9e\" \/>\n\t<meta name=\"twitter:data1\" content=\"1 minute\" \/>\n<script type=\"application\/ld+json\" class=\"yoast-schema-graph\">{\"@context\":\"https:\/\/schema.org\",\"@graph\":[{\"@type\":\"WebSite\",\"@id\":\"https:\/\/ericbeeharry.re\/#website\",\"url\":\"https:\/\/ericbeeharry.re\/\",\"name\":\"Nouvelle R\\u00e9union - \\u00c9ric Beeharry\",\"description\":\"\",\"potentialAction\":[{\"@type\":\"SearchAction\",\"target\":{\"@type\":\"EntryPoint\",\"urlTemplate\":\"https:\/\/ericbeeharry.re\/?s={search_term_string}\"},\"query-input\":\"required name=search_term_string\"}],\"inLanguage\":\"fr-FR\"},{\"@type\":\"ImageObject\",\"@id\":\"https:\/\/ericbeeharry.re\/index.php\/programme\/institutions\/#primaryimage\",\"inLanguage\":\"fr-FR\",\"url\":\"https:\/\/ericbeeharry.re\/wp-content\/uploads\/2022\/05\/Galaxie-Photo-Bordure-General-Twitch-Banniere.png\",\"contentUrl\":\"https:\/\/ericbeeharry.re\/wp-content\/uploads\/2022\/05\/Galaxie-Photo-Bordure-General-Twitch-Banniere.png\",\"width\":900,\"height\":480},{\"@type\":\"WebPage\",\"@id\":\"https:\/\/ericbeeharry.re\/index.php\/programme\/institutions\/#webpage\",\"url\":\"https:\/\/ericbeeharry.re\/index.php\/programme\/institutions\/\",\"name\":\"INSTITUTIONS - Nouvelle R\\u00e9union - \\u00c9ric Beeharry\",\"isPartOf\":{\"@id\":\"https:\/\/ericbeeharry.re\/#website\"},\"primaryImageOfPage\":{\"@id\":\"https:\/\/ericbeeharry.re\/index.php\/programme\/institutions\/#primaryimage\"},\"datePublished\":\"2022-05-30T10:02:23+00:00\",\"dateModified\":\"2022-05-31T10:37:00+00:00\",\"breadcrumb\":{\"@id\":\"https:\/\/ericbeeharry.re\/index.php\/programme\/institutions\/#breadcrumb\"},\"inLanguage\":\"fr-FR\",\"potentialAction\":[{\"@type\":\"ReadAction\",\"target\":[\"https:\/\/ericbeeharry.re\/index.php\/programme\/institutions\/\"]}]},{\"@type\":\"BreadcrumbList\",\"@id\":\"https:\/\/ericbeeharry.re\/index.php\/programme\/institutions\/#breadcrumb\",\"itemListElement\":[{\"@type\":\"ListItem\",\"position\":1,\"name\":\"Accueil\",\"item\":\"https:\/\/ericbeeharry.re\/\"},{\"@type\":\"ListItem\",\"position\":2,\"name\":\"PROGRAMME\",\"item\":\"https:\/\/ericbeeharry.re\/index.php\/programme\/\"},{\"@type\":\"ListItem\",\"position\":3,\"name\":\"INSTITUTIONS\"}]}]}<\/script>\n<!-- \/ Yoast SEO plugin. -->","yoast_head_json":{"title":"INSTITUTIONS - Nouvelle R\u00e9union - \u00c9ric Beeharry","robots":{"index":"index","follow":"follow","max-snippet":"max-snippet:-1","max-image-preview":"max-image-preview:large","max-video-preview":"max-video-preview:-1"},"canonical":"https:\/\/ericbeeharry.re\/index.php\/programme\/institutions\/","og_locale":"fr_FR","og_type":"article","og_title":"INSTITUTIONS - Nouvelle R\u00e9union - \u00c9ric Beeharry","og_description":"L&rsquo;\u00eele de la R\u00e9union est un territoire d\u2019outre-mer et une r\u00e9gion ultrap\u00e9riph\u00e9rique. \u00c0 ce titre nous pouvons n\u00e9gocier avec la R\u00e9publique Fran\u00e7aise et l&rsquo;Union Europ\u00e9enne des adaptations de nos institutions, de leurs normes, afin de devenir plus r\u00e9alistes et donc plus efficaces dans nos politiques publiques locales. MODERNISATION D\u00c9CENTRALISATION JUSTICE FONCTION PUBLIQUE TERRITORIALE R\u00c9FORME \u00c9LECTORALE [&hellip;]","og_url":"https:\/\/ericbeeharry.re\/index.php\/programme\/institutions\/","og_site_name":"Nouvelle R\u00e9union - \u00c9ric Beeharry","article_modified_time":"2022-05-31T10:37:00+00:00","og_image":[{"width":900,"height":480,"url":"https:\/\/ericbeeharry.re\/wp-content\/uploads\/2022\/05\/Galaxie-Photo-Bordure-General-Twitch-Banniere.png","type":"image\/png"}],"twitter_card":"summary_large_image","twitter_misc":{"Dur\u00e9e de lecture estim\u00e9e":"1 minute"},"schema":{"@context":"https:\/\/schema.org","@graph":[{"@type":"WebSite","@id":"https:\/\/ericbeeharry.re\/#website","url":"https:\/\/ericbeeharry.re\/","name":"Nouvelle R\u00e9union - \u00c9ric Beeharry","description":"","potentialAction":[{"@type":"SearchAction","target":{"@type":"EntryPoint","urlTemplate":"https:\/\/ericbeeharry.re\/?s={search_term_string}"},"query-input":"required name=search_term_string"}],"inLanguage":"fr-FR"},{"@type":"ImageObject","@id":"https:\/\/ericbeeharry.re\/index.php\/programme\/institutions\/#primaryimage","inLanguage":"fr-FR","url":"https:\/\/ericbeeharry.re\/wp-content\/uploads\/2022\/05\/Galaxie-Photo-Bordure-General-Twitch-Banniere.png","contentUrl":"https:\/\/ericbeeharry.re\/wp-content\/uploads\/2022\/05\/Galaxie-Photo-Bordure-General-Twitch-Banniere.png","width":900,"height":480},{"@type":"WebPage","@id":"https:\/\/ericbeeharry.re\/index.php\/programme\/institutions\/#webpage","url":"https:\/\/ericbeeharry.re\/index.php\/programme\/institutions\/","name":"INSTITUTIONS - Nouvelle R\u00e9union - \u00c9ric Beeharry","isPartOf":{"@id":"https:\/\/ericbeeharry.re\/#website"},"primaryImageOfPage":{"@id":"https:\/\/ericbeeharry.re\/index.php\/programme\/institutions\/#primaryimage"},"datePublished":"2022-05-30T10:02:23+00:00","dateModified":"2022-05-31T10:37:00+00:00","breadcrumb":{"@id":"https:\/\/ericbeeharry.re\/index.php\/programme\/institutions\/#breadcrumb"},"inLanguage":"fr-FR","potentialAction":[{"@type":"ReadAction","target":["https:\/\/ericbeeharry.re\/index.php\/programme\/institutions\/"]}]},{"@type":"BreadcrumbList","@id":"https:\/\/ericbeeharry.re\/index.php\/programme\/institutions\/#breadcrumb","itemListElement":[{"@type":"ListItem","position":1,"name":"Accueil","item":"https:\/\/ericbeeharry.re\/"},{"@type":"ListItem","position":2,"name":"PROGRAMME","item":"https:\/\/ericbeeharry.re\/index.php\/programme\/"},{"@type":"ListItem","position":3,"name":"INSTITUTIONS"}]}]}},"_links":{"self":[{"href":"https:\/\/ericbeeharry.re\/index.php\/wp-json\/wp\/v2\/pages\/494"}],"collection":[{"href":"https:\/\/ericbeeharry.re\/index.php\/wp-json\/wp\/v2\/pages"}],"about":[{"href":"https:\/\/ericbeeharry.re\/index.php\/wp-json\/wp\/v2\/types\/page"}],"author":[{"embeddable":true,"href":"https:\/\/ericbeeharry.re\/index.php\/wp-json\/wp\/v2\/users\/1"}],"replies":[{"embeddable":true,"href":"https:\/\/ericbeeharry.re\/index.php\/wp-json\/wp\/v2\/comments?post=494"}],"version-history":[{"count":12,"href":"https:\/\/ericbeeharry.re\/index.php\/wp-json\/wp\/v2\/pages\/494\/revisions"}],"predecessor-version":[{"id":786,"href":"https:\/\/ericbeeharry.re\/index.php\/wp-json\/wp\/v2\/pages\/494\/revisions\/786"}],"up":[{"embeddable":true,"href":"https:\/\/ericbeeharry.re\/index.php\/wp-json\/wp\/v2\/pages\/52"}],"wp:featuredmedia":[{"embeddable":true,"href":"https:\/\/ericbeeharry.re\/index.php\/wp-json\/wp\/v2\/media\/418"}],"wp:attachment":[{"href":"https:\/\/ericbeeharry.re\/index.php\/wp-json\/wp\/v2\/media?parent=494"}],"curies":[{"name":"wp","href":"https:\/\/api.w.org\/{rel}","templated":true}]}}