{"id":525,"date":"2022-05-30T15:04:23","date_gmt":"2022-05-30T11:04:23","guid":{"rendered":"https:\/\/ericbeeharry.re\/?page_id=525"},"modified":"2022-06-02T14:24:20","modified_gmt":"2022-06-02T10:24:20","slug":"harcelement-moral","status":"publish","type":"page","link":"https:\/\/ericbeeharry.re\/index.php\/programme\/societe\/harcelement-moral\/","title":{"rendered":"HARC\u00c8LEMENT MORAL"},"content":{"rendered":"<p><strong><img loading=\"lazy\" class=\"aligncenter size-full wp-image-644\" src=\"https:\/\/ericbeeharry.re\/wp-content\/uploads\/2022\/05\/Harcelement-1.jpg\" alt=\"\" width=\"265\" height=\"190\" \/><\/strong><\/p>\n<p><b>Le harc\u00e8lement moral est tellement ancr\u00e9 dans les m\u0153urs r\u00e9unionnaises que beaucoup le consid\u00e8rent comme normal. Loisir, humour p\u00e9i, punition, les \u00ab\u00a0arguments\u00a0\u00bb ne manquent pas pour justifier cet acte d\u00e9gradant, blessant et mortel dans les pires cas (hausse des risques cardiaques, incitation \u00e0 la violence physique et aux complots, d\u00e9gradation de la sant\u00e9 et du niveau de vie, an\u00e9antissement de la vie priv\u00e9e et d\u00e9pression, \u2026).<\/b><\/p>\n<p><strong><img loading=\"lazy\" class=\"aligncenter size-full wp-image-313\" src=\"https:\/\/ensemble-lesite.fr\/wp-content\/uploads\/2018\/03\/Harc\u00e8lement-4.jpg\" alt=\"\" width=\"322\" height=\"156\" \/><\/strong><\/p>\n<p><strong><span style=\"color: #0000ff;\"><u>UNE HISTOIRE DE LA R\u00c9UNION DRAMATIQUE G\u00c9N\u00c9RANT UN PR\u00c9SENT CHAOTIQUE<\/u><\/span><\/strong><\/p>\n<p><strong>L\u2019esclavage par la culture de d\u00e9lation entre esclaves et voulue par les ma\u00eetres, puis le communisme de la classe politique ont fait des d\u00e9g\u00e2ts dans l\u2019inconscient collectif. Ainsi des r\u00e9unionnais sont agress\u00e9s car ils ne rentrent pas dans le moule du \u00ab\u00a0bon r\u00e9unionnais\u00a0\u00bb cens\u00e9 \u00eatre passif, insignifiant, soumis et sans influence sur la soci\u00e9t\u00e9.<\/strong><\/p>\n<p><strong><u>Sont notamment harcel\u00e9s<\/u> :<\/strong><\/p>\n<p><strong>\u2013 Les d\u00e9mocrates anti-fraudes \u00e9lectorales (massives aux scrutins de la R\u00e9union)<\/strong><br \/>\n<strong>\u2013 Les opposants politiques des \u00e9lus (tous les partis politiques r\u00e9unionnais sont concern\u00e9s)<\/strong><br \/>\n<strong>\u2013 Les lanceurs d\u2019alerte d\u00e9non\u00e7ant des pratiques, des situations dangereuses pour la soci\u00e9t\u00e9<\/strong><br \/>\n<strong>\u2013 Les journalistes r\u00e9v\u00e9lant des sujets importants, mais d\u00e9rangeants des int\u00e9r\u00eats puissants<\/strong><br \/>\n<strong>\u2013 Les associations et militants droits-de-l\u2019hommistes, revendiquant l\u2019Etat de Droit \u00e0 l\u2019\u00eele de la R\u00e9union (souvent caricatur\u00e9s en fascistes et racistes parce que les Droits de l\u2019Homme seraient une importation identitaire de l\u2019Occident et donc une n\u00e9ocolonisation culturelle)<\/strong><br \/>\n<strong>\u2013 Les associations de la protection animale (vues comme des ennemies de la R\u00e9union, au motif que la maltraitance et l\u2019errance animales feraient partie du mode de vie r\u00e9unionnais)<\/strong><br \/>\n<strong>\u2013 Les militants de la crise requins (caricatur\u00e9s en bourreaux de la faune locale alors que la prolif\u00e9ration des squales est av\u00e9r\u00e9e, pr\u00e9sent\u00e9s en pourfendeurs de l\u2019\u00e9cologie tandis que leurs harceleurs sont les m\u00eames qui harc\u00e8lent les associations sensibilisant \u00e0 la pollution)<\/strong><br \/>\n<b>\u2013 Les associations sensibilisant \u00e0 la pollution (vues comme des ennemies des R\u00e9unionnais, parce que toute critique d\u2019un comportement \u00e0 la R\u00e9union est vite caricatur\u00e9e en critique de toute la R\u00e9union, en d\u00e9nigrement de tous les R\u00e9unionnais, r\u00e9flexe identitaire d\u00e9plac\u00e9)<\/b><br \/>\n<strong>\u2013 Les gens \u00e0 l\u2019orientation sexuelle minoritaire (comme les homosexuels consid\u00e9r\u00e9s fous)<\/strong><br \/>\n<strong>\u2013 Les immigr\u00e9s (zor\u00e8y et \u00e9trangers vus comme un danger pour l\u2019identit\u00e9 r\u00e9unionnaise)<\/strong><br \/>\n<strong>\u2013 Les entrepreneurs (suscitant la jalousie par leur potentiel d\u2019enrichissement rapide)<\/strong><br \/>\n<strong>\u2013 Les surdou\u00e9s (donnant \u00e0 leurs voisins un complexe d\u2019inf\u00e9riorit\u00e9 intellectuelle, la haine)<\/strong><\/p>\n<p><strong><img loading=\"lazy\" class=\"aligncenter size-full wp-image-645\" src=\"https:\/\/ericbeeharry.re\/wp-content\/uploads\/2022\/05\/Harcelement-2.jpg\" alt=\"\" width=\"267\" height=\"189\" \/><\/strong><\/p>\n<p><strong>Heureusement pour rem\u00e9dier \u00e0 ce fl\u00e9au soci\u00e9tal des solutions existent : l\u00e9gislative, polici\u00e8re, judiciaire, m\u00e9dicale, technologique, \u00e9ducative, m\u00e9diatique et \u00e9conomique.<\/strong><\/p>\n<p><strong><span style=\"color: #0000ff;\"><u>UNE LOI ANTI-HARC\u00c8LEMENT MORAL SP\u00c9CIFIQUE \u00c0 LA R\u00c9UNION<\/u><\/span><\/strong><\/p>\n<p><strong>Le droit fran\u00e7ais reste flou sur la notion de harc\u00e8lement moral, notamment dans un cadre priv\u00e9 : voisinage, famille, etc. En cons\u00e9quence une loi explicite doit \u00eatre r\u00e9dig\u00e9e et vot\u00e9e. D\u2019abord appliqu\u00e9e \u00e0 la R\u00e9union, elle pourra ensuite \u00eatre reprise au niveau national.<\/strong><\/p>\n<p><strong><span style=\"color: #0000ff;\"><u>DE NOUVEAUX MOYENS D&rsquo;ENQU\u00caTE POUR LA POLICE<\/u><\/span><\/strong><\/p>\n<p><strong>Cette loi octroiera \u00e0 la Police des dispositifs de vid\u00e9osurveillance mobiles. Miniatures et discrets, ils s\u2019incrusteront partout. Pos\u00e9s pr\u00e8s du domicile de la victime et\/ou des harceleurs suppos\u00e9s (\u00e0 l\u2019insu de ces derniers), leur qualit\u00e9 technique identifiera les coupables et la nature pr\u00e9cise des faits.<\/strong><\/p>\n<p><strong><span style=\"color: #0000ff;\"><u>DES CONDAMNATIONS DISSUASIVES<\/u><\/span><\/strong><\/p>\n<p><strong>Les condamnations doivent s\u2019\u00e9lever \u00e0 la hauteur des pr\u00e9judices de la victime qui voit sa qualit\u00e9 de vie, sa sant\u00e9 et parfois sa situation \u00e9conomique se d\u00e9grader dangereusement. De fortes amendes en rapport avec le niveau des d\u00e9g\u00e2ts seront donc l\u00e9gitimes pour r\u00e9parer la souffrance de la victime. En cas de multiples r\u00e9cidives, une ordonnance d\u2019expulsion sera d\u00e9cid\u00e9e afin de ramener la paix. Si cela se r\u00e9p\u00e8te ailleurs : la prison voire un internement psychiatrique pour les cas les plus difficiles, av\u00e9r\u00e9s irr\u00e9cup\u00e9rables d\u2019un point de vue p\u00e9nal.<\/strong><\/p>\n<p><strong><span style=\"color: #0000ff;\"><u>UNE AIDE \u00c0 LA VICTIME LE TEMPS DES PROC\u00c9DURES POLICI\u00c8RES ET JUDICIAIRES<\/u><\/span><\/strong><\/p>\n<p><strong>Le temps de l\u2019enqu\u00eate et du proc\u00e8s n\u2019\u00e9tant pas celui du harc\u00e8lement, on doit porter secours \u00e0 la victime pr\u00e9sum\u00e9e. Des \u00e9couteurs ou casques \u00e0 r\u00e9duction de bruit active lui seront donc pr\u00eat\u00e9s jusqu\u2019au jugement du tribunal, ainsi qu\u2019un dispositif innovant appel\u00e9 Muzo capable d\u2019effacer la nuisance sonore des harceleurs. L\u2019archa\u00efsme sera vaincu par la modernit\u00e9.<\/strong><\/p>\n<p><iframe loading=\"lazy\" src=\"https:\/\/www.youtube.com\/embed\/EjLN3y_iXmc?feature=oembed\" width=\"640\" height=\"480\" frameborder=\"0\" allowfullscreen=\"allowfullscreen\"><\/iframe><\/p>\n<p><strong><span style=\"color: #0000ff;\"><u>DES CAMPAGNES DANS LES \u00c9COLES, LES QUARTIERS ET LES M\u00c9DIAS<\/u><\/span><\/strong><\/p>\n<p><strong>Des associations d\u2019\u00e9ducation populaire passeront dans les \u00e9coles et les quartiers pour informer et r\u00e9\u00e9duquer dans le sens des Droits de l\u2019Homme, du respect de tous. De m\u00eame des spots TV et radio, des panneaux publicitaires, des pages Facebook avec des vid\u00e9os virales sensibiliseront le grand public \u00e0 la dangerosit\u00e9 du harc\u00e8lement moral, des ladi laf\u00e9. Messages rappelant des principes qui devraient \u00eatre \u00e9vidents pour tous :<\/strong><\/p>\n<p><strong>\u2013 Une rumeur n\u2019est pas la v\u00e9rit\u00e9<\/strong><br \/>\n<strong>\u2013 On n\u2019accuse pas sans preuve, sans faits v\u00e9rifi\u00e9s<\/strong><br \/>\n<strong>\u2013 On ne jette pas de sort de marabout aux gens, c\u2019est de la violence<\/strong><br \/>\n<strong>\u2013 Les moqueries en r\u00e9union, les \u00ab\u00a0moukatages\u00a0\u00bb r\u00e9p\u00e9t\u00e9s sont des agressions<\/strong><br \/>\n<strong>\u2013 Si on a un souci avec un individu on ne l\u2019insulte pas, on lui en parle tranquillement<\/strong><br \/>\n<strong>\u2013 On s\u2019adresse toujours \u00e0 quelqu\u2019un en face et non en se tenant dissimul\u00e9 ou \u00e0 distance<\/strong><\/p>\n<p style=\"text-align: center;\"><strong><em>Exemple d\u2019\u00e9nergum\u00e8ne s\u00e9vissant en toute impunit\u00e9 :<\/em><\/strong><\/p>\n<p><iframe loading=\"lazy\" src=\"https:\/\/www.youtube.com\/embed\/meFhFeSM1lU?feature=oembed\" width=\"640\" height=\"480\" frameborder=\"0\" allowfullscreen=\"allowfullscreen\"><\/iframe><\/p>\n<p><strong>Enfin <a href=\"https:\/\/ericbeeharry.re\/index.php\/programme\/economie\/fonds-pour-la-creation-dentreprises\" target=\"_blank\" rel=\"noopener noreferrer\">le boom \u00e9conomique<\/a> peut r\u00e9duire le harc\u00e8lement moral dans notre \u00eele, celui-ci \u00e9tant aussi d\u00fb \u00e0 l\u2019oisivet\u00e9 m\u00e8re de tous les vices (pr\u00e8s de la moiti\u00e9 des r\u00e9unionnais sont inactifs).<em><br \/>\n<\/em><\/strong><\/p>\n<p><strong><u>PR\u00c9CISIONS DIVERSES<\/u> :<\/strong><\/p>\n<p><strong>\u2013 La fonction publique r\u00e9unionnaise est r\u00e9put\u00e9e pour compter de nombreux \u00e9l\u00e9ments de mentalit\u00e9 traditionnelle et contraire aux Droits de l\u2019Homme. Il faut mener un audit pour rep\u00e9rer les mauvais fonctionnaires et les sortir des services publics, afin de les emp\u00eacher de transformer des victimes en coupables.<\/strong><br \/>\n<strong>\u2013 Les associations de sensibilisation et d\u2019\u00e9ducation populaire peuvent \u00eatre financ\u00e9es par <a href=\"https:\/\/ericbeeharry.re\/index.php\/programme\/economie\/allocation-universelle\" target=\"_blank\" rel=\"noopener noreferrer\">l\u2019allocation universelle<\/a> et pourront donc quadriller toute la R\u00e9union.<\/strong><br \/>\n<strong>\u2013 La r\u00e9duction de bruit active efface le son venant vers nous. Le son est de la mati\u00e8re, on peut l\u2019emp\u00eacher de nous atteindre en lui renvoyant une mati\u00e8re \u00e9quivalente (une onde).<\/strong><\/p>\n","protected":false},"excerpt":{"rendered":"<p>Le harc\u00e8lement moral est tellement ancr\u00e9 dans les m\u0153urs r\u00e9unionnaises que beaucoup le consid\u00e8rent comme normal. Loisir, humour p\u00e9i, punition, les \u00ab\u00a0arguments\u00a0\u00bb ne manquent pas pour justifier cet acte d\u00e9gradant, blessant et mortel dans les pires cas (hausse des risques cardiaques, incitation \u00e0 la violence physique et aux complots, d\u00e9gradation de la sant\u00e9 et du [&hellip;]<\/p>\n","protected":false},"author":1,"featured_media":418,"parent":480,"menu_order":0,"comment_status":"closed","ping_status":"closed","template":"templates\/template-cover.php","meta":[],"yoast_head":"<!-- This site is optimized with the Yoast SEO plugin v17.8 - https:\/\/yoast.com\/wordpress\/plugins\/seo\/ -->\n<title>HARC\u00c8LEMENT MORAL - Nouvelle R\u00e9union - \u00c9ric Beeharry<\/title>\n<meta name=\"robots\" content=\"index, follow, max-snippet:-1, max-image-preview:large, max-video-preview:-1\" \/>\n<link rel=\"canonical\" href=\"https:\/\/ericbeeharry.re\/index.php\/programme\/societe\/harcelement-moral\/\" \/>\n<meta property=\"og:locale\" content=\"fr_FR\" \/>\n<meta property=\"og:type\" content=\"article\" \/>\n<meta property=\"og:title\" content=\"HARC\u00c8LEMENT MORAL - Nouvelle R\u00e9union - \u00c9ric Beeharry\" \/>\n<meta property=\"og:description\" content=\"Le harc\u00e8lement moral est tellement ancr\u00e9 dans les m\u0153urs r\u00e9unionnaises que beaucoup le consid\u00e8rent comme normal. Loisir, humour p\u00e9i, punition, les \u00ab\u00a0arguments\u00a0\u00bb ne manquent pas pour justifier cet acte d\u00e9gradant, blessant et mortel dans les pires cas (hausse des risques cardiaques, incitation \u00e0 la violence physique et aux complots, d\u00e9gradation de la sant\u00e9 et du [&hellip;]\" \/>\n<meta property=\"og:url\" content=\"https:\/\/ericbeeharry.re\/index.php\/programme\/societe\/harcelement-moral\/\" \/>\n<meta property=\"og:site_name\" content=\"Nouvelle R\u00e9union - \u00c9ric Beeharry\" \/>\n<meta property=\"article:modified_time\" content=\"2022-06-02T10:24:20+00:00\" \/>\n<meta property=\"og:image\" content=\"https:\/\/ericbeeharry.re\/wp-content\/uploads\/2022\/05\/Galaxie-Photo-Bordure-General-Twitch-Banniere.png\" \/>\n\t<meta property=\"og:image:width\" content=\"900\" \/>\n\t<meta property=\"og:image:height\" content=\"480\" \/>\n<meta name=\"twitter:card\" content=\"summary_large_image\" \/>\n<meta name=\"twitter:label1\" content=\"Dur\u00e9e de lecture estim\u00e9e\" \/>\n\t<meta name=\"twitter:data1\" content=\"6 minutes\" \/>\n<script type=\"application\/ld+json\" class=\"yoast-schema-graph\">{\"@context\":\"https:\/\/schema.org\",\"@graph\":[{\"@type\":\"WebSite\",\"@id\":\"https:\/\/ericbeeharry.re\/#website\",\"url\":\"https:\/\/ericbeeharry.re\/\",\"name\":\"Nouvelle R\\u00e9union - \\u00c9ric Beeharry\",\"description\":\"\",\"potentialAction\":[{\"@type\":\"SearchAction\",\"target\":{\"@type\":\"EntryPoint\",\"urlTemplate\":\"https:\/\/ericbeeharry.re\/?s={search_term_string}\"},\"query-input\":\"required name=search_term_string\"}],\"inLanguage\":\"fr-FR\"},{\"@type\":\"ImageObject\",\"@id\":\"https:\/\/ericbeeharry.re\/index.php\/programme\/societe\/harcelement-moral\/#primaryimage\",\"inLanguage\":\"fr-FR\",\"url\":\"https:\/\/ericbeeharry.re\/wp-content\/uploads\/2022\/05\/Galaxie-Photo-Bordure-General-Twitch-Banniere.png\",\"contentUrl\":\"https:\/\/ericbeeharry.re\/wp-content\/uploads\/2022\/05\/Galaxie-Photo-Bordure-General-Twitch-Banniere.png\",\"width\":900,\"height\":480},{\"@type\":\"WebPage\",\"@id\":\"https:\/\/ericbeeharry.re\/index.php\/programme\/societe\/harcelement-moral\/#webpage\",\"url\":\"https:\/\/ericbeeharry.re\/index.php\/programme\/societe\/harcelement-moral\/\",\"name\":\"HARC\\u00c8LEMENT MORAL - Nouvelle R\\u00e9union - \\u00c9ric Beeharry\",\"isPartOf\":{\"@id\":\"https:\/\/ericbeeharry.re\/#website\"},\"primaryImageOfPage\":{\"@id\":\"https:\/\/ericbeeharry.re\/index.php\/programme\/societe\/harcelement-moral\/#primaryimage\"},\"datePublished\":\"2022-05-30T11:04:23+00:00\",\"dateModified\":\"2022-06-02T10:24:20+00:00\",\"breadcrumb\":{\"@id\":\"https:\/\/ericbeeharry.re\/index.php\/programme\/societe\/harcelement-moral\/#breadcrumb\"},\"inLanguage\":\"fr-FR\",\"potentialAction\":[{\"@type\":\"ReadAction\",\"target\":[\"https:\/\/ericbeeharry.re\/index.php\/programme\/societe\/harcelement-moral\/\"]}]},{\"@type\":\"BreadcrumbList\",\"@id\":\"https:\/\/ericbeeharry.re\/index.php\/programme\/societe\/harcelement-moral\/#breadcrumb\",\"itemListElement\":[{\"@type\":\"ListItem\",\"position\":1,\"name\":\"Accueil\",\"item\":\"https:\/\/ericbeeharry.re\/\"},{\"@type\":\"ListItem\",\"position\":2,\"name\":\"PROGRAMME\",\"item\":\"https:\/\/ericbeeharry.re\/index.php\/programme\/\"},{\"@type\":\"ListItem\",\"position\":3,\"name\":\"SOCI\\u00c9T\\u00c9\",\"item\":\"https:\/\/ericbeeharry.re\/index.php\/programme\/societe\/\"},{\"@type\":\"ListItem\",\"position\":4,\"name\":\"HARC\\u00c8LEMENT MORAL\"}]}]}<\/script>\n<!-- \/ Yoast SEO plugin. -->","yoast_head_json":{"title":"HARC\u00c8LEMENT MORAL - Nouvelle R\u00e9union - \u00c9ric Beeharry","robots":{"index":"index","follow":"follow","max-snippet":"max-snippet:-1","max-image-preview":"max-image-preview:large","max-video-preview":"max-video-preview:-1"},"canonical":"https:\/\/ericbeeharry.re\/index.php\/programme\/societe\/harcelement-moral\/","og_locale":"fr_FR","og_type":"article","og_title":"HARC\u00c8LEMENT MORAL - Nouvelle R\u00e9union - \u00c9ric Beeharry","og_description":"Le harc\u00e8lement moral est tellement ancr\u00e9 dans les m\u0153urs r\u00e9unionnaises que beaucoup le consid\u00e8rent comme normal. Loisir, humour p\u00e9i, punition, les \u00ab\u00a0arguments\u00a0\u00bb ne manquent pas pour justifier cet acte d\u00e9gradant, blessant et mortel dans les pires cas (hausse des risques cardiaques, incitation \u00e0 la violence physique et aux complots, d\u00e9gradation de la sant\u00e9 et du [&hellip;]","og_url":"https:\/\/ericbeeharry.re\/index.php\/programme\/societe\/harcelement-moral\/","og_site_name":"Nouvelle R\u00e9union - \u00c9ric Beeharry","article_modified_time":"2022-06-02T10:24:20+00:00","og_image":[{"width":900,"height":480,"url":"https:\/\/ericbeeharry.re\/wp-content\/uploads\/2022\/05\/Galaxie-Photo-Bordure-General-Twitch-Banniere.png","type":"image\/png"}],"twitter_card":"summary_large_image","twitter_misc":{"Dur\u00e9e de lecture estim\u00e9e":"6 minutes"},"schema":{"@context":"https:\/\/schema.org","@graph":[{"@type":"WebSite","@id":"https:\/\/ericbeeharry.re\/#website","url":"https:\/\/ericbeeharry.re\/","name":"Nouvelle R\u00e9union - \u00c9ric Beeharry","description":"","potentialAction":[{"@type":"SearchAction","target":{"@type":"EntryPoint","urlTemplate":"https:\/\/ericbeeharry.re\/?s={search_term_string}"},"query-input":"required name=search_term_string"}],"inLanguage":"fr-FR"},{"@type":"ImageObject","@id":"https:\/\/ericbeeharry.re\/index.php\/programme\/societe\/harcelement-moral\/#primaryimage","inLanguage":"fr-FR","url":"https:\/\/ericbeeharry.re\/wp-content\/uploads\/2022\/05\/Galaxie-Photo-Bordure-General-Twitch-Banniere.png","contentUrl":"https:\/\/ericbeeharry.re\/wp-content\/uploads\/2022\/05\/Galaxie-Photo-Bordure-General-Twitch-Banniere.png","width":900,"height":480},{"@type":"WebPage","@id":"https:\/\/ericbeeharry.re\/index.php\/programme\/societe\/harcelement-moral\/#webpage","url":"https:\/\/ericbeeharry.re\/index.php\/programme\/societe\/harcelement-moral\/","name":"HARC\u00c8LEMENT MORAL - Nouvelle R\u00e9union - \u00c9ric Beeharry","isPartOf":{"@id":"https:\/\/ericbeeharry.re\/#website"},"primaryImageOfPage":{"@id":"https:\/\/ericbeeharry.re\/index.php\/programme\/societe\/harcelement-moral\/#primaryimage"},"datePublished":"2022-05-30T11:04:23+00:00","dateModified":"2022-06-02T10:24:20+00:00","breadcrumb":{"@id":"https:\/\/ericbeeharry.re\/index.php\/programme\/societe\/harcelement-moral\/#breadcrumb"},"inLanguage":"fr-FR","potentialAction":[{"@type":"ReadAction","target":["https:\/\/ericbeeharry.re\/index.php\/programme\/societe\/harcelement-moral\/"]}]},{"@type":"BreadcrumbList","@id":"https:\/\/ericbeeharry.re\/index.php\/programme\/societe\/harcelement-moral\/#breadcrumb","itemListElement":[{"@type":"ListItem","position":1,"name":"Accueil","item":"https:\/\/ericbeeharry.re\/"},{"@type":"ListItem","position":2,"name":"PROGRAMME","item":"https:\/\/ericbeeharry.re\/index.php\/programme\/"},{"@type":"ListItem","position":3,"name":"SOCI\u00c9T\u00c9","item":"https:\/\/ericbeeharry.re\/index.php\/programme\/societe\/"},{"@type":"ListItem","position":4,"name":"HARC\u00c8LEMENT MORAL"}]}]}},"_links":{"self":[{"href":"https:\/\/ericbeeharry.re\/index.php\/wp-json\/wp\/v2\/pages\/525"}],"collection":[{"href":"https:\/\/ericbeeharry.re\/index.php\/wp-json\/wp\/v2\/pages"}],"about":[{"href":"https:\/\/ericbeeharry.re\/index.php\/wp-json\/wp\/v2\/types\/page"}],"author":[{"embeddable":true,"href":"https:\/\/ericbeeharry.re\/index.php\/wp-json\/wp\/v2\/users\/1"}],"replies":[{"embeddable":true,"href":"https:\/\/ericbeeharry.re\/index.php\/wp-json\/wp\/v2\/comments?post=525"}],"version-history":[{"count":11,"href":"https:\/\/ericbeeharry.re\/index.php\/wp-json\/wp\/v2\/pages\/525\/revisions"}],"predecessor-version":[{"id":820,"href":"https:\/\/ericbeeharry.re\/index.php\/wp-json\/wp\/v2\/pages\/525\/revisions\/820"}],"up":[{"embeddable":true,"href":"https:\/\/ericbeeharry.re\/index.php\/wp-json\/wp\/v2\/pages\/480"}],"wp:featuredmedia":[{"embeddable":true,"href":"https:\/\/ericbeeharry.re\/index.php\/wp-json\/wp\/v2\/media\/418"}],"wp:attachment":[{"href":"https:\/\/ericbeeharry.re\/index.php\/wp-json\/wp\/v2\/media?parent=525"}],"curies":[{"name":"wp","href":"https:\/\/api.w.org\/{rel}","templated":true}]}}